{"id":334,"date":"2015-11-08T17:25:18","date_gmt":"2015-11-08T17:25:18","guid":{"rendered":"http:\/\/www.acemabcn.org\/?page_id=334"},"modified":"2016-09-26T19:47:20","modified_gmt":"2016-09-26T19:47:20","slug":"voluntariat","status":"publish","type":"page","link":"https:\/\/www.acemabcn.org\/es\/associacio\/voluntariat\/","title":{"rendered":"Voluntariado"},"content":{"rendered":"<p><\/p>\n<p style=\"text-align: justify;\">El voluntariado que ha llevado a cabo la asociaci\u00f3n ha sido clave en la celebraci\u00f3n de los eventos sobre transporte p\u00fablico de gran categor\u00eda. La importante participaci\u00f3n en la edici\u00f3n del Centenario del Bus, as\u00ed como la presencia de ACEMA en todas las ediciones del Rally de Autobuses Cl\u00e1sicos demuestran el sentimiento de pertenencia de los socios a la asociaci\u00f3n.<\/p>\n<h1>Centenario del Bus<\/h1>\n<p style=\"text-align: justify;\">Se celebr\u00f3 el fin de semana del 16-17 de septiembre de 2006, en el barrio de la Barceloneta. Cont\u00f3 con una gran colecci\u00f3n de autobuses que presidieron el acto. ACEMA, ARCA y TMB fueron los organizadores.<\/p>\n<p style=\"text-align: justify;\">ACEMA particip\u00f3 desde el primer momento en el traslado de los autobuses de TMB desde la cochera hasta la Barceloneta, participando veh\u00edculos de todos los CON de TMB. El trabajo sigui\u00f3 con la custodia de los veh\u00edculos durante todo el fin de semana.<\/p>\n<p style=\"text-align: justify;\">En la exposici\u00f3n, TMB mostrar los buses m\u00e1s cl\u00e1sicos y los m\u00e1s modernos. Entre los m\u00e1s modernos, hab\u00eda un Mercedes-Benz Citaro de hidr\u00f3geno, y un Irisbus CityClass GNC.<\/p>\n<p style=\"text-align: justify;\">Esta exposici\u00f3n no s\u00f3lo cont\u00f3 con la presencia de los veh\u00edculos. ACEMA aport\u00f3 todos los documentos y la informaci\u00f3n necesaria para poder elaborar los r\u00f3tulos informativos que se editaron para la ocasi\u00f3n.<\/p>\n<p style=\"text-align: justify;\">El acto tambi\u00e9n inclu\u00eda una circulaci\u00f3n hist\u00f3rica por Barcelona. Una cabalgata de veh\u00edculos circul\u00f3 por las c\u00e9ntricas calles de la ciudad condal el s\u00e1bado por la tarde. El alcalde de la ciudad en aquella \u00e9poca, el Excl. Sr. Jordi Hereu, visit\u00f3 la exposici\u00f3n, y particip\u00f3 como viajero al desfile.<\/p>\n<p style=\"text-align: justify;\">ARCA quiso que esta actividad sirve de referente para futuras movilizaciones de autobuses cl\u00e1sicos y, a trav\u00e9s de su web, dedic\u00f3 un apartado anexo.<\/p>\n<p style=\"text-align: justify;\">ACEMA realiz\u00f3 posteriormente una exposici\u00f3n fotogr\u00e1fica en las instalaciones del CON de Poniente y en la Galer\u00eda Foronda (X exposici\u00f3n).<\/p>\n<h1 style=\"text-align: justify;\">Rallies de Autobuses Cl\u00e1sicos Barcelona-Caldes<\/h1>\n<p style=\"text-align: justify;\">Anualmente, TMB y su fundaci\u00f3n, la Empresa Sagal\u00e9s y la asociaci\u00f3n ARCA realizan el Rally de Autobuses Cl\u00e1sicos, un evento donde los autobuses cl\u00e1sicos son los protagonistas. Se realiza en un fin de semana; el s\u00e1bado es el d\u00eda de exposici\u00f3n est\u00e1tica de los veh\u00edculos en la plaza Espa\u00f1a de Barcelona, \u200b\u200by el domingo se hace un viaje con los autobuses desde esta plaza hasta el casco antiguo de la poblaci\u00f3n de Caldes de Montbui.<\/p>\n<p><a href=\"http:\/\/www.acemabcn.org\/wp-content\/uploads\/2015\/11\/DSC09205.jpg\"><img loading=\"lazy\" decoding=\"async\" class=\"alignright wp-image-510\" src=\"http:\/\/www.acemabcn.org\/wp-content\/uploads\/2015\/11\/DSC09205-300x225.jpg\" alt=\"SONY DSC\" width=\"337\" height=\"253\" srcset=\"https:\/\/www.acemabcn.org\/wp-content\/uploads\/2015\/11\/DSC09205-300x225.jpg 300w, https:\/\/www.acemabcn.org\/wp-content\/uploads\/2015\/11\/DSC09205.jpg 1024w\" sizes=\"auto, (max-width: 337px) 100vw, 337px\" \/><\/a><\/p>\n<p style=\"text-align: justify;\">ACEMA participa activamente en este evento, con socios que realizan tareas de voluntariado. ACEMA ha colaborado a\u00f1o tras a\u00f1o en el Rally, dando soporte t\u00e9cnico, documental e hist\u00f3rico a la restauraci\u00f3n de parte de los veh\u00edculos que intervienen.<\/p>\n<p style=\"text-align: justify;\">El Rally nace con el objetivo de querer ser internacional, y ha contado en sus ediciones con la presencia de veh\u00edculos de la RATP de Par\u00eds, o de la ciudad de Grenoble. Adem\u00e1s, a\u00f1o tras a\u00f1o se intentan exponer novedades.<\/p>\n<p style=\"text-align: justify;\">El Rally es ya una cita anual obligada para todos aquellos que quieren disfrutar de los autobuses y del patrimonio hist\u00f3rico. Los ciudadanos brindan con su presencia un merecido reconocimiento a estos buses que han sido tantos a\u00f1os integrados en el paisaje urbano, haciendo servicio. Autobuses que han unido barrios, personas, y que ahora se exponen y hacen un viaje muy especial.<\/p>\n<h1 style=\"text-align: justify;\">Participaci\u00f3 al <em>TMB Educa<\/em><\/h1>\n<p style=\"text-align: justify;\">El proyecto <em>TMB Educa<\/em> es un proyecto educativo de TMB que se centra en abrir las puertas de sus instalaciones a escuelas, adem\u00e1s de promover los valores sociales, culturales y medioambientales del transporte p\u00fablicos.<\/p>\n<p style=\"text-align: justify;\">ACEMA ayud\u00f3 con la puesta en marcha de la presentaci\u00f3n que se realiza a los m\u00e1s peque\u00f1os en el \u00abMetro Hist\u00f3rico\u00bb en las instalaciones de Triangle.<\/p>\n<p style=\"text-align: justify;\">La asociaci\u00f3n facilita una peque\u00f1a historia sobre c\u00f3mo comenz\u00f3 el transporte p\u00fablico en Barcelona, a trav\u00e9s de un gui\u00f3n y de fotograf\u00edas de autobuses, tranv\u00edas, metro y trolebuses. Con todo este material y, junto con la empresa, se elabor\u00f3 una presentaci\u00f3n digital para las escuelas que realizaban la visita. Miembros de la Junta de ACEMA condujeron la introducci\u00f3n de la visita inaugural.<\/p>\n<p><\/p>","protected":false},"excerpt":{"rendered":"<p><span class=\"more-wrapper\"><a class=\"more-link button\" href=\"https:\/\/www.acemabcn.org\/es\/associacio\/voluntariat\/\">Seguir leyendo<\/a><\/span><\/p>\n","protected":false},"author":1,"featured_media":510,"parent":78,"menu_order":0,"comment_status":"closed","ping_status":"closed","template":"","meta":{"inline_featured_image":false,"_exactmetrics_skip_tracking":false,"_exactmetrics_sitenote_active":false,"_exactmetrics_sitenote_note":"","_exactmetrics_sitenote_category":0,"footnotes":""},"class_list":["post-334","page","type-page","status-publish","has-post-thumbnail","hentry"],"_links":{"self":[{"href":"https:\/\/www.acemabcn.org\/es\/wp-json\/wp\/v2\/pages\/334","targetHints":{"allow":["GET"]}}],"collection":[{"href":"https:\/\/www.acemabcn.org\/es\/wp-json\/wp\/v2\/pages"}],"about":[{"href":"https:\/\/www.acemabcn.org\/es\/wp-json\/wp\/v2\/types\/page"}],"author":[{"embeddable":true,"href":"https:\/\/www.acemabcn.org\/es\/wp-json\/wp\/v2\/users\/1"}],"replies":[{"embeddable":true,"href":"https:\/\/www.acemabcn.org\/es\/wp-json\/wp\/v2\/comments?post=334"}],"version-history":[{"count":18,"href":"https:\/\/www.acemabcn.org\/es\/wp-json\/wp\/v2\/pages\/334\/revisions"}],"predecessor-version":[{"id":1085,"href":"https:\/\/www.acemabcn.org\/es\/wp-json\/wp\/v2\/pages\/334\/revisions\/1085"}],"up":[{"embeddable":true,"href":"https:\/\/www.acemabcn.org\/es\/wp-json\/wp\/v2\/pages\/78"}],"wp:featuredmedia":[{"embeddable":true,"href":"https:\/\/www.acemabcn.org\/es\/wp-json\/wp\/v2\/media\/510"}],"wp:attachment":[{"href":"https:\/\/www.acemabcn.org\/es\/wp-json\/wp\/v2\/media?parent=334"}],"curies":[{"name":"wp","href":"https:\/\/api.w.org\/{rel}","templated":true}]}}

<p></p>
<p style="text-align: justify;">El voluntariado que ha llevado a cabo la asociación ha sido clave en la celebración de los eventos sobre transporte público de gran categoría. La importante participación en la edición del Centenario del Bus, así como la presencia de ACEMA en todas las ediciones del Rally de Autobuses Clásicos demuestran el sentimiento de pertenencia de los socios a la asociación.</p>
<h1>Centenario del Bus</h1>
<p style="text-align: justify;">Se celebró el fin de semana del 16-17 de septiembre de 2006, en el barrio de la Barceloneta. Contó con una gran colección de autobuses que presidieron el acto. ACEMA, ARCA y TMB fueron los organizadores.</p>
<p style="text-align: justify;">ACEMA participó desde el primer momento en el traslado de los autobuses de TMB desde la cochera hasta la Barceloneta, participando vehículos de todos los CON de TMB. El trabajo siguió con la custodia de los vehículos durante todo el fin de semana.</p>
<p style="text-align: justify;">En la exposición, TMB mostrar los buses más clásicos y los más modernos. Entre los más modernos, había un Mercedes-Benz Citaro de hidrógeno, y un Irisbus CityClass GNC.</p>
<p style="text-align: justify;">Esta exposición no sólo contó con la presencia de los vehículos. ACEMA aportó todos los documentos y la información necesaria para poder elaborar los rótulos informativos que se editaron para la ocasión.</p>
<p style="text-align: justify;">El acto también incluía una circulación histórica por Barcelona. Una cabalgata de vehículos circuló por las céntricas calles de la ciudad condal el sábado por la tarde. El alcalde de la ciudad en aquella época, el Excl. Sr. Jordi Hereu, visitó la exposición, y participó como viajero al desfile.</p>
<p style="text-align: justify;">ARCA quiso que esta actividad sirve de referente para futuras movilizaciones de autobuses clásicos y, a través de su web, dedicó un apartado anexo.</p>
<p style="text-align: justify;">ACEMA realizó posteriormente una exposición fotográfica en las instalaciones del CON de Poniente y en la Galería Foronda (X exposición).</p>
<h1 style="text-align: justify;">Rallies de Autobuses Clásicos Barcelona-Caldes</h1>
<p style="text-align: justify;">Anualmente, TMB y su fundación, la Empresa Sagalés y la asociación ARCA realizan el Rally de Autobuses Clásicos, un evento donde los autobuses clásicos son los protagonistas. Se realiza en un fin de semana; el sábado es el día de exposición estática de los vehículos en la plaza España de Barcelona, ​​y el domingo se hace un viaje con los autobuses desde esta plaza hasta el casco antiguo de la población de Caldes de Montbui.</p>
<p><a href="http://www.acemabcn.org/wp-content/uploads/2015/11/DSC09205.jpg"><img loading="lazy" decoding="async" class="alignright wp-image-510" src="http://www.acemabcn.org/wp-content/uploads/2015/11/DSC09205-300x225.jpg" alt="SONY DSC" width="337" height="253" srcset="https://www.acemabcn.org/wp-content/uploads/2015/11/DSC09205-300x225.jpg 300w, https://www.acemabcn.org/wp-content/uploads/2015/11/DSC09205.jpg 1024w" sizes="auto, (max-width: 337px) 100vw, 337px" /></a></p>
<p style="text-align: justify;">ACEMA participa activamente en este evento, con socios que realizan tareas de voluntariado. ACEMA ha colaborado año tras año en el Rally, dando soporte técnico, documental e histórico a la restauración de parte de los vehículos que intervienen.</p>
<p style="text-align: justify;">El Rally nace con el objetivo de querer ser internacional, y ha contado en sus ediciones con la presencia de vehículos de la RATP de París, o de la ciudad de Grenoble. Además, año tras año se intentan exponer novedades.</p>
<p style="text-align: justify;">El Rally es ya una cita anual obligada para todos aquellos que quieren disfrutar de los autobuses y del patrimonio histórico. Los ciudadanos brindan con su presencia un merecido reconocimiento a estos buses que han sido tantos años integrados en el paisaje urbano, haciendo servicio. Autobuses que han unido barrios, personas, y que ahora se exponen y hacen un viaje muy especial.</p>
<h1 style="text-align: justify;">Participació al <em>TMB Educa</em></h1>
<p style="text-align: justify;">El proyecto <em>TMB Educa</em> es un proyecto educativo de TMB que se centra en abrir las puertas de sus instalaciones a escuelas, además de promover los valores sociales, culturales y medioambientales del transporte públicos.</p>
<p style="text-align: justify;">ACEMA ayudó con la puesta en marcha de la presentación que se realiza a los más pequeños en el «Metro Histórico» en las instalaciones de Triangle.</p>
<p style="text-align: justify;">La asociación facilita una pequeña historia sobre cómo comenzó el transporte público en Barcelona, a través de un guión y de fotografías de autobuses, tranvías, metro y trolebuses. Con todo este material y, junto con la empresa, se elaboró una presentación digital para las escuelas que realizaban la visita. Miembros de la Junta de ACEMA condujeron la introducción de la visita inaugural.</p>
<p></p>
